 - 3 = 4*a. Let k(d) = 3*d + 4. Let o(s) = a*i(s) - 11*k(s). Calculate o(x).
-4
Let b(d) be the third derivative of d**6/120 + d**5/12 + d**4/8 - d**3/6 - 10*d**2. Suppose 10 = -5*h - 10. What is b(h)?
3
Let z(u) be the third derivative of -1/720*u**6 - 5*u**2 + 0*u**5 + 0*u + 0 + 11/24*u**4 + 0*u**3. Let i(v) be the second derivative of z(v). Determine i(2).
-2
Let d(z) = 5*z - 2*z + 4 + z**2 + 0*z + z. Let u be (8/3*(-25 + 28))/(-2). Give d(u).
4
Let b(o) be the third derivative of o**6/180 - o**5/30 + 5*o**4/24 - 8*o**2. Let l(h) be the second derivative of b(h). Determine l(5).
16
Let j(n) = -9*n**2 + 1. Let q = -14 - -27. Let h(v) = -v**2 + 14*v - 14. Let o be h(q). Give j(o).
-8
Let l(w) = 3 - 7 - w**3 - 2 + 6*w**2 - 4*w. Let k(g) = -g**2 + 12*g - 6. Let z be k(11). Calculate l(z).
-1
Let h(v) be the third derivative of 1/12*v**6 - 1/24*v**4 + 0*v**3 + 0*v + 0 + 1/60*v**5 + 14*v**2. Give h(1).
10
Let y(f) = -94*f + 8 - 6 + 99*f. Determine y(-2).
-8
Let p(y) = y**3 + 2*y**2 - y + 7. Let x(r) = -r**3 - 3*r**2 - 6. Let l(s) = 2*p(s) + 3*x(s). Suppose 0*t + z - 9 = t, 3*z - 19 = t. Determine l(t).
-12
Let x = 9 + -5. Let t(i) = -i - 5. Let g(w) = -w - 4. Suppose -3 = c + 2. Let h(u) = c*t(u) + 6*g(u). What is h(x)?
-3
Let c(z) = 2*z**3 + 2*z**2 - 2*z - 1. Suppose 0 = -7*j - 100 - 5. Let y = -17 - j. Determine c(y).
-5
Let h(t) = -t**3 - 3*t**2 + 5*t + 2. Let y be h(-4). Let m(c) = c**3 + c**2 - 4*c - 3. Determine m(y).
1
Let f = 8 - 3. Let o be -3*7/3*8/14. Let r = f + o. Let k(s) = -s**2 + s. What is k(r)?
0
Let z(f) = 2*f**2 + 5*f - 7. Let h = -1338 - -1332. Give z(h).
35
Let a be (-948)/(-132) + -7 + (-186)/(-66). Let n(h) be the second derivative of -h**5/20 + h**4/4 - h**3/3 + 3*h**2/2 + h. What is n(a)?
-3
Let o(n) be the third derivative of n**3/6 - 24*n**2. Let g(l) = l**2 - 3*l + 1. Let r(u) = g(u) + 2*o(u). Calculate r(2).
1
Let w(a) = a**3 - 2*a**2 + 2*a + 3. Let i(z) = z**2 - z - 1. Let r(t) = -4*i(t) - w(t). Let b be r(-3). Let x(g) = g**3 - 3*g**2 - g - 2. Give x(b).
10
Let g(p) = -p**3 - 3*p**2 + 5*p + 2. Suppose -67 - 33 = -5*n - 5*m, 2*n - 2*m - 56 = 0. Let r be (n/(-16))/((-6)/(-16)). Calculate g(r).
-2
Let s be 11 - 11 - 16/(-1). Let j = s - 31. Let m = 19 + j. Let n(c) = -c**2 + 7*c - 6. Give n(m).
6
Let y = -13 - 9. Let j = 25 + y. Let f(a) be the third derivative of -a**5/30 + a**4/12 + 2*a**2. Give f(j).
-12
Let a = 14 - 13. Suppose -3*l = -3*k - 6, 0 = 4*k - 5*l + a + 4. Let u(b) = b. What is u(k)?
-5
Let t(b) be the third derivative of -5*b**4/24 + b**3/6 - 110*b**2 + 2. Calculate t(10).
-49
Suppose 0 = -6*k + 3*k. Suppose k = 4*y + 5*m + 8, 4 = -4*y - 4*m. Let x(c) = 0*c**3 - y*c**2 - 3 - 4*c - c**3 + 0*c**2. Give x(-2).
1
Suppose -8*h + 5*h + 9 = 0. Let x(q) = q**3 - 2*q**2 - 3*q + 1. Let j(l) = -l**3 + 3*l**2 + 3*l. Let r(n) = h*j(n) + 2*x(n). Calculate r(5).
17
Let f(q) = -q**2 - 7*q + 6. Let u(m) = m**2 + 1. Let g(v) = -f(v) - 2*u(v). Let i(n) = 23*n - 46. Let x be i(4). Let t be x/7 + (-104)/182. Calculate g(t).
-2
Let a(m) = 17*m**2 - 3 + 44*m**3 - 13*m**2 - 45*m**3 - m. Determine a(3).
3
Let m(q) be the first derivative of -q**7/168 + q**4/24 + 7*q**3/3 - 12. Let y(a) be the third derivative of m(a). What is y(1)?
-4
Let z(q) = q**2 - q + 1. Let v(g) = -2*g**2 + 12*g + 3. Let p(h) = -v(h) - 4*z(h). Let t = -8 - -3. Calculate p(t).
-17
Let y(z) = z - 2. Suppose 0*l = 6*l. Let i be (l - 0)*2/(-8). Determine y(i).
-2
Let a = 36 + -30. Let k(h) = -a*h**3 + 3*h + 0 - 5*h**3 + 1 - h. Give k(-1).
10
Let c = -66 - -82. Let a(u) = 8 + u**2 - 2 - c - 13 + u**3. Give a(0).
-23
Let c(d) be the second derivative of d**4/24 - d**3/6 + d**2/2 - 2*d. Let j(w) be the first derivative of c(w). Let a(h) = h**2 - 1. Let i be a(0). Give j(i).
-2
Let z(t) = -t**2 + t - 1. Let j(f) = f**2 - 14*f + 30. Let m(u) = -6*u - 1. Let b be m(-2). Let r be j(b). What is z(r)?
-13
Let h(j) = 2*j**3 + 70*j**2 + j + 40. Let r be h(-35). Let d(x) = x**3 - 7*x**2 + 8*x - 4. What is d(r)?
-14
Let d(u) = u**2 + 3*u - 2. Let n(x) be the third derivative of x**4/12 + 10*x**3/3 + 28*x**2. Let f be n(-12). Determine d(f).
2
Suppose -16*v + 629 = -587. Let i(x) = -79*x - 2 - 1 + v*x + x**2. Determine i(4).
1
Let y(s) = -9*s - 2. Let h(x) = -10*x - 3. Let v(j) = -3*h(j) + 4*y(j). Let m(t) = -7*t + 2. Let r(i) = -5*m(i) + 6*v(i). Determine r(-6).
2
Let s(l) = 2*l**2 - 14. Let h be s(0). Let z(o) = -10*o + 2. Let n(f) = -3*f + 1. Let r(i) = h*n(i) + 4*z(i). Determine r(5).
4
Let u(q) = -q**3 + 2*q**2 + 13*q - 24. Let l be u(4). Let b(n) = n**2 + 3*n + 5. What is b(l)?
9
Let i(h) = h - 2. Let a be 6 - (3 + 3 + -4). Let n = a - 13. Let f(y) = -y - 11. Let x be f(n). What is i(x)?
-4
Let b(y) = 24*y**2 - 17*y + 9. Let p(s) = 11*s**2 - 8*s + 4. Let g(q) = -6*b(q) + 13*p(q). Determine g(-2).
-2
Let q(j) = 6*j + 97. Let y be q(-15). Let d(a) = a**2 - 5*a - 9. Determine d(y).
5
Let j(w) = -w**2 - 4*w**2 - 2*w + 4*w**2 + 3. Suppose 9*y - 12 = 3*y. Determine j(y).
-5
Suppose 0 = -17*h + 10*h + 42. Let c(n) = -1 + 21*n + h*n - 32*n. Calculate c(-2).
9
Let y = 118 + -116. Let f(p) be the second derivative of 1/2*p**2 + y*p + 0 - 5/6*p**3. Calculate f(-1).
6
Let k(g) = -g**3 + 16*g**2 - 16*g + 18. Let f = 778 - 763. Calculate k(f).
3
Suppose -31 = -4*j - 5*t, -6 = -2*j - 4*t + 14. Let q(y) = -2*y**2 + 5*y + 3. Determine q(j).
-9
Let t(j) = j**3 + 10*j**2 - 10*j + 15. Suppose 3*s - 6 = -4*k, -s = 2*k - 0 - 2. Suppose 6*b + 5 + 61 = k. Give t(b).
4
Suppose 0 = 9*l - 13*l + 4. Let c be ((-6)/(-8))/(l/8). Let z(s) = -s**3 + 7*s**2 - 8*s + 6. Calculate z(c).
-6
Suppose 48*d = 49*d + 14. Let q(n) = n + 19. Calculate q(d).
5
Let g(f) = -18*f**2 - f - 1. Let p be (14 - 13)/(-3 + 2). Determine g(p).
-18
Suppose -1 = -3*t + l, -4*t - 3*l - 12 = 4. Suppose -5*j - 3 = -6*j. Let p(s) = 2 - 4 + j - 3*s. Calculate p(t).
4
Let m(s) = -251649 + 251649 - 7*s**2 - 6*s**2. Suppose 7 = -3*t + 4. Calculate m(t).
-13
Let f(y) = -y**3 + 3*y**2 + 3*y - 2. Let h(s) = s**2 + 17*s + 5. Let z be h(-17). Suppose -4*b + z = -11. Calculate f(b).
-6
Let a = 8 - 4. Suppose -r = 2*t - 6 - 0, -3*r = -a*t + 2. Let d(h) = 0*h**2 - h**3 - 32*h + 2 + h**2 + 16*h + 17*h. What is d(t)?
0
Let b be (-290)/(-25) - 2/(-5). Suppose -2*h = 4*g + 4, 4*h - 4 = 4*g + b. Let t(c) = -2 + 3 - c + 6*c**3 - 8*c**h + 9*c**2. Give t(1).
7
Let h = -335 - -502. Let y = 162 - h. Let r(j) = -5*j**3 + 10*j**2 - j - 3. Let o(t) = 9*t**3 - 19*t**2 + 2*t + 5. Let u(x) = -6*o(x) - 11*r(x). Determine u(y).
-17
Let s(y) = -y**3 - 4*y**2 + 6*y - 2. Let r be s(-5). Let g(o) = o**3 + o**2 - o + 4. Let t be g(0). Let q(i) = -8*i**2 - i**3 - 6 - 5*i - t*i + i. Give q(r).
1
Let m(v) = -5*v - 11. Let h(k) = -2*k - 4. Let w(d) = -8*h(d) + 3*m(d). Let x = -32 + 29. Let y be 5/20 - x/(-12). Determine w(y).
-1
Suppose 0 = i - a + 1, 10 = a + a. Let q(j) = 5*j**3 - 4*j**2 + 4*j - 1. Let b(u) = 11*u**3 - 8*u**2 + 9*u - 1. Let w(h) = -4*b(h) + 9*q(h). What is w(i)?
-5
Let h be 2/11 + 520/286. Let z(f) = f - 1. Give z(h).
1
Let m(s) = -3*s + 3. Let n = -593 - -599. Give m(n).
-15
Let w be 1 + -3*(-1 + 2). Let a be (-3)/((-5)/(-4) + w). Let j(v) be the second derivative of v**3/3 - 3*v**2/2 + 9*v + 1. Calculate j(a).
5
Let v(q) = -2*q**2 + 3*q + 1. Let n be ((-2)/(-1) - 2) + -370. Let c be n/(-70) - (-2)/(-7). Let z = 8 - c. Determine v(z).
-8
Suppose -141 - 135 = 3*z. Let j be (-9)/4 - 23/z. Let k(q) = 7*q + 3. Give k(j).
-11
Let t be 21/84 - (-78)/8. Suppose 2*f = -2*f + y + t, 3*y = -6. Let k(s) = s. Let g(v) = -2*v. Let n(o) = -3*g(o) - 5*k(o). Determine n(f).
2
Let v = -68 - -36. Let s = v + 32. Let l(n) be the second derivative of n**3/6 + 4*n**2 - 2*n. Give l(s).
8
Let u(i) = i**2 - 8*i. Suppose -87 = -19*y + 27. Give u(y).
-12
Let c(w) = 2*w - 2. Let q(t) = t**3 - 4*t**2 - 28*t - 38. Let d be q(8). Determine c(d).
-14
Let s(d) = -d**3 + 3*d**2 - 4*d - 1. Suppose 17*h + 24 = 21*h. Suppose i - w - 3 = -0*i, 2*i - h = -5*w. Calculate s(i).
-13
Let g = 3 + 0. Suppose -9 + g = 3*b. Let x(f) = -10*f. Give x(b).
20
Let f(a) = 2*a**3 - 4*a**2 - 6*a - 1. Let u(s) = -s**2 - s - 1. Suppose -7 = -5*w + k, 0*k + 10 = 2*w - 4*k. Let z(r) = w*f(r) - 3*u(r). What is z(2)?
8
Suppose -6*d + 3*d = -39. Let s(m) = -3*m + 28. Calculate s(d).
-11
Let y(b) = -b